{"id":1617,"date":"2024-03-11T13:03:41","date_gmt":"2024-03-11T12:03:41","guid":{"rendered":"http:\/\/eaa-wsm.pl\/?page_id=1617"},"modified":"2026-04-27T14:31:42","modified_gmt":"2026-04-27T12:31:42","slug":"trireme","status":"publish","type":"page","link":"https:\/\/eaa-wsm.pl\/index.php\/trireme\/","title":{"rendered":"TRIREME"},"content":{"rendered":"\n<figure class=\"wp-block-gallery has-nested-images columns-default is-cropped wp-block-gallery-1 is-layout-flex wp-block-gallery-is-layout-flex\">\n<figure class=\"wp-block-image size-large\"><img fetchpriority=\"high\" decoding=\"async\" width=\"676\" height=\"122\" data-id=\"1910\" src=\"https:\/\/eaa-wsm.pl\/wp-content\/uploads\/2024\/07\/wstazka.png\" alt=\"\" class=\"wp-image-1910\" srcset=\"https:\/\/eaa-wsm.pl\/wp-content\/uploads\/2024\/07\/wstazka.png 676w, https:\/\/eaa-wsm.pl\/wp-content\/uploads\/2024\/07\/wstazka-300x54.png 300w, https:\/\/eaa-wsm.pl\/wp-content\/uploads\/2024\/07\/wstazka-600x108.png 600w\" sizes=\"(max-width: 676px) 100vw, 676px\" \/><\/figure>\n<\/figure>\n\n\n\n<p><\/p>\n\n\n\n<p><strong>Projekt Erasmus+ TRIREME<\/strong> (Digital and green skills towards the future of the mobility ecosystem) ma na celu przekszta\u0142cenie ekosystemu mobilno\u015bci, transportu i motoryzacji, u\u0142atwiaj\u0105c jego przej\u015bcie w stron\u0119 bardziej ekologicznej i cyfrowej przysz\u0142o\u015bci.<\/p>\n\n\n\n<p><br><strong>TRIREME skupia si\u0119 na czterech kluczowych trendach w bran\u017cy motoryzacyjnej:<\/strong><br>Cyfryzacja <br>Ekologia, zr\u00f3wnowa\u017cony rozw\u00f3j i gospodarka o obiegu zamkni\u0119tym <br>Odporno\u015b\u0107 \u0142a\u0144cuch\u00f3w warto\u015bci <br>Nowe modele biznesowe <\/p>\n\n\n\n<h4 style=\"text-align: center;\">&nbsp;<\/h4>\n<table style=\"width: 100%; border-collapse: collapse; border-style: double; border-color: #23c24b; height: 151px;\">\n<tbody>\n<tr style=\"height: 151px;\">\n<td style=\"width: 100%; height: 151px;\">\n<h4 style=\"text-align: center;\"><strong>Badania w projekcie b\u0119d\u0105 dotyczy\u0107 wp\u0142ywu tych trend\u00f3w na umiej\u0119tno\u015bci i role zawodowe w bran\u017cy. Celem projektu jest opracowanie kompleksowej i zr\u00f3wnowa\u017conej strategii w zakresie umiej\u0119tno\u015bci i szkole\u0144, kt\u00f3ra spe\u0142nia obecne i przysz\u0142e potrzeby si\u0142y roboczej.<\/strong><\/h4>\n<\/td>\n<\/tr>\n<\/tbody>\n<\/table>\n\n\n\n\n\n<p><strong>Warto\u015b\u0107 projektu: <\/strong>4 mln EURO<br><strong>Okres realizacji projektu: <\/strong>01.03.2024 &#8211; 29.02.2028<br><\/p>\n\n\n\n<hr>\n<p>&nbsp;<\/p>\n\n\n\n<p><\/p>\n\n\n\n<p><strong>W projekcie udzia\u0142 bierze 31 partner\u00f3w z ca\u0142ej Europy:<\/strong><\/p>\n\n\n\n<ol class=\"wp-block-list\">\n<li>ASA AUTOMOTIVE SKILLS ALLIANCE &#8211; lider <\/li>\n\n\n\n<li>ACEA ASSOCIATION DES CONSTRUCTEURS EUROPEENS D&#8217;AUTOMOBILES GIE EUROPEAN AUTOMOBILE MANUFACTURERS ASSOCIATIONS<\/li>\n\n\n\n<li>CECRA EUROPESE RAAD VOOR DE AUTOMOBIELHANDEL EN-HERSTELLING- CONSEIL EUROPEEN DU COMMERCE ET DE LA REPARATION AUTOMOBILES<\/li>\n\n\n\n<li>CLEPA ASSOCIATION EUROPEENNE DES FOURNISSEURS AUTOMOBILES<\/li>\n\n\n\n<li>ETRMA European Tyre and Rubber Manufacturers&#8217; Association<\/li>\n\n\n\n<li>VSB-TUO VSB &#8211; TECHNICAL UNIVERSITY OF OSTRAVA<\/li>\n\n\n\n<li>APTE ASSOCIATIA PENTRU PROMOVAREA TEHNOLOGIEI ELECTRONICE<\/li>\n\n\n\n<li>ATIT ASOCIATIA TRANSILVANIA IT<\/li>\n\n\n\n<li>ADECCO ADECCO FORMAZIONE SRL IT<br>AE LHH LEE HECHT HARRISON SL<\/li>\n\n\n\n<li>IndustriALL INDUSTRIALL EUROPEAN TRADE UNION ASSOCIATION DE FAIT<\/li>\n\n\n\n<li>CEEMET COUNCIL OF EUROPEAN EMPLOYERS OF THE METAL, ENGINEERING AND TECHNOLOGY-BASED INDUSTRIES AISB<\/li>\n\n\n\n<li>WRS WIRTSCHAFTSFORDERUNG REGION STUTTGART GMBH<\/li>\n\n\n\n<li>ISCN INTERNATIONAL SOFTWARE-EXPERTS FORCOLLABORATIVE<br>NETWORKS I.S.C.N. GESMBH<\/li>\n\n\n\n<li>UM UNIVERZA V MARIBORU <\/li>\n\n\n\n<li>NEWTON VYSOKA SKOLA NEWTON AS<\/li>\n\n\n\n<li>ITC INTERTRADECARD SRL<\/li>\n\n\n\n<li>EUPPY QB LDA <\/li>\n\n\n\n<li>SPIN360 SPIN 360 SRL<\/li>\n\n\n\n<li>FGB FONDAZIONE GIACOMO BRODOLINI SRL<\/li>\n\n\n\n<li>BME BUDAPESTI MUSZAKI ES GAZDASAGTUDOMANYI EGYETEM<\/li>\n\n\n\n<li>HETEL ASOCIACION DE CENTROS DE FORMACION TECNICO PROFESIONAL DE INCIATIVA SOCIAL DE EUSKADI HETEL HEZIKETA TEKNIKOKO ELKARTEA DE DURANGO (BIZKAIA)<\/li>\n\n\n\n<li>SERNAUTO ASOCIACION ESPANOLA DE PROVEEDORESDE AUTOMOCION<\/li>\n\n\n\n<li>EAA STOWARZYSZENIE WSCHODNI SOJUSZ MOTORYZACYJNY <\/li>\n\n\n\n<li>UCRS UDDANNELSESCENTER RINGKOBING SKJERN <\/li>\n\n\n\n<li>MOBINOV MOBINOV &#8211; ASSOCIACAO DO CLUSTERAUTOMOVEL<\/li>\n\n\n\n<li>ATEC &#8211; Associa\u00e7\u00e3o de Forma\u00e7\u00e3o para a Industria<\/li>\n\n\n\n<li>EuroSPI EUROPEAN SYSTEM, SOFTWARE, SERVICES PROCESS IMPROVEMENT EUROSPI CERTIFICATES &amp; SERVICES GESMBH<\/li>\n\n\n\n<li>TUG TECHNISCHE UNIVERSITAET GRAZ<\/li>\n\n\n\n<li>SFC SFC &#8211; SISTEMI FORMATIVI CONFINDUSTRIA SCPA<\/li>\n\n\n\n<li>CHALMERS CHALMERS TEKNISKA HOGSKOLA AB<\/li>\n\n\n\n<li>VAMIA VAASAN KAUPUNKI <\/li>\n<\/ol>\n\n\n\n<hr>\n<p>&nbsp;<\/p>\n\n\n\n<p><strong>Platrofma learningowa<\/strong>   <a href=\"https:\/\/learn.skills-hub.eu\">https:\/\/learn.skills-hub.eu<\/a><\/p>\n\n\n\n<p>Platforma ta jest jednym z narz\u0119dzi Automotive Skills Alliance. Pocz\u0105tkowo zosta\u0142a opracowana jako jeden z rezultat\u00f3w projektu Blueprint DRIVES. <\/p>\n\n\n\n<h6 style=\"text-align: justify;\"><em>Projekt DRIVES by\u0142 projektem Blueprint na rzecz strategicznej wsp\u00f3\u0142pracy sektorowej w zakresie umiej\u0119tno\u015bci mi\u0119dzy kluczowymi interesariuszami w sektorze motoryzacyjnym. Numer projektu 591988-EPP-1-2017-1-CZ-EPPKA2-SSA-B. Projekt wsp\u00f3\u0142finansowany by\u0142 z programu Unii Europejskiej ERASMUS+. Projekt DRIVES sk\u0142ada\u0142 si\u0119 z 24 partner\u00f3w z 11 kraj\u00f3w europejskich i trwa\u0142 od stycznia 2018 r. do marca 2022 r. Partnerstwo projektu ustanowi\u0142o plan zr\u00f3wnowa\u017conego rozwoju, w kt\u00f3rym postanowiono, \u017ce platforma b\u0119dzie dalej wykorzystywana, utrzymywana i rozszerzana przez Automotive Skills Alliance.<\/em><\/h6>\n\n\n\n<p><\/p>\n\n\n\n<p>Pierwsze spotkanie projektowe Kick-off Meeting mia\u0142o miejsce w Brukseli w dniach 10-12 kwietnia 2024r.<\/p>\n\n\n\n<figure class=\"wp-block-gallery has-nested-images columns-default is-cropped wp-block-gallery-2 is-layout-flex wp-block-gallery-is-layout-flex\">\n<figure class=\"wp-block-image size-large\"><img decoding=\"async\" width=\"1024\" height=\"576\" data-id=\"1908\" src=\"https:\/\/eaa-wsm.pl\/wp-content\/uploads\/2024\/07\/kick-off-meeting-1024x576.jpg\" alt=\"\" class=\"wp-image-1908\" srcset=\"https:\/\/eaa-wsm.pl\/wp-content\/uploads\/2024\/07\/kick-off-meeting-1024x576.jpg 1024w, https:\/\/eaa-wsm.pl\/wp-content\/uploads\/2024\/07\/kick-off-meeting-300x169.jpg 300w, https:\/\/eaa-wsm.pl\/wp-content\/uploads\/2024\/07\/kick-off-meeting-768x432.jpg 768w, https:\/\/eaa-wsm.pl\/wp-content\/uploads\/2024\/07\/kick-off-meeting-600x338.jpg 600w, https:\/\/eaa-wsm.pl\/wp-content\/uploads\/2024\/07\/kick-off-meeting-1536x864.jpg 1536w, https:\/\/eaa-wsm.pl\/wp-content\/uploads\/2024\/07\/kick-off-meeting.jpg 1600w\" sizes=\"(max-width: 1024px) 100vw, 1024px\" \/><\/figure>\n<\/figure>\n\n\n\n<figure class=\"wp-block-gallery has-nested-images columns-default is-cropped wp-block-gallery-3 is-layout-flex wp-block-gallery-is-layout-flex\">\n<figure class=\"wp-block-image size-large\"><img decoding=\"async\" width=\"1024\" height=\"576\" data-id=\"1909\" src=\"https:\/\/eaa-wsm.pl\/wp-content\/uploads\/2024\/07\/trireme-photo-1024x576.jpg\" alt=\"\" class=\"wp-image-1909\" srcset=\"https:\/\/eaa-wsm.pl\/wp-content\/uploads\/2024\/07\/trireme-photo-1024x576.jpg 1024w, https:\/\/eaa-wsm.pl\/wp-content\/uploads\/2024\/07\/trireme-photo-300x169.jpg 300w, https:\/\/eaa-wsm.pl\/wp-content\/uploads\/2024\/07\/trireme-photo-768x432.jpg 768w, https:\/\/eaa-wsm.pl\/wp-content\/uploads\/2024\/07\/trireme-photo-600x338.jpg 600w, https:\/\/eaa-wsm.pl\/wp-content\/uploads\/2024\/07\/trireme-photo-1536x864.jpg 1536w, https:\/\/eaa-wsm.pl\/wp-content\/uploads\/2024\/07\/trireme-photo.jpg 1600w\" sizes=\"(max-width: 1024px) 100vw, 1024px\" \/><\/figure>\n<\/figure>\n\n\n\n<p>Drugie spotkanie Partner\u00f3w Projektu odby\u0142o si\u0119 w dniach 3-4 pa\u017adziernika 2024r. w Mediolanie.<\/p>\n\n\n\n<figure class=\"wp-block-image size-large\"><img loading=\"lazy\" decoding=\"async\" width=\"1024\" height=\"585\" src=\"https:\/\/eaa-wsm.pl\/wp-content\/uploads\/2025\/05\/Milan-1024x585.jpg\" alt=\"\" class=\"wp-image-2584\" srcset=\"https:\/\/eaa-wsm.pl\/wp-content\/uploads\/2025\/05\/Milan-1024x585.jpg 1024w, https:\/\/eaa-wsm.pl\/wp-content\/uploads\/2025\/05\/Milan-300x171.jpg 300w, https:\/\/eaa-wsm.pl\/wp-content\/uploads\/2025\/05\/Milan-768x439.jpg 768w, https:\/\/eaa-wsm.pl\/wp-content\/uploads\/2025\/05\/Milan-600x343.jpg 600w, https:\/\/eaa-wsm.pl\/wp-content\/uploads\/2025\/05\/Milan.jpg 1400w\" sizes=\"(max-width: 1024px) 100vw, 1024px\" \/><\/figure>\n\n\n\n<p>Trzecie spotkanie Partner\u00f3w Projektu odby\u0142o si\u0119 w dniach 9-10 kwietnia 2025r. w Ostrawie.<\/p>\n\n\n\n<figure class=\"wp-block-image size-large\"><img loading=\"lazy\" decoding=\"async\" width=\"1024\" height=\"576\" src=\"https:\/\/eaa-wsm.pl\/wp-content\/uploads\/2025\/05\/1744225939896-1024x576.jpg\" alt=\"\" class=\"wp-image-2583\" srcset=\"https:\/\/eaa-wsm.pl\/wp-content\/uploads\/2025\/05\/1744225939896-1024x576.jpg 1024w, https:\/\/eaa-wsm.pl\/wp-content\/uploads\/2025\/05\/1744225939896-300x169.jpg 300w, https:\/\/eaa-wsm.pl\/wp-content\/uploads\/2025\/05\/1744225939896-768x432.jpg 768w, https:\/\/eaa-wsm.pl\/wp-content\/uploads\/2025\/05\/1744225939896-600x338.jpg 600w, https:\/\/eaa-wsm.pl\/wp-content\/uploads\/2025\/05\/1744225939896-1536x864.jpg 1536w, https:\/\/eaa-wsm.pl\/wp-content\/uploads\/2025\/05\/1744225939896.jpg 1600w\" sizes=\"(max-width: 1024px) 100vw, 1024px\" \/><\/figure>\n\n\n\n<p>Czwarte spotkanie Partner\u00f3w Projektu odby\u0142o si\u0119 w dniach 21-23 kwietnia 2026r. w Cluj-Napoca.<\/p>\n\n\n\n<figure class=\"wp-block-image size-large\"><img loading=\"lazy\" decoding=\"async\" width=\"1024\" height=\"1024\" src=\"https:\/\/eaa-wsm.pl\/wp-content\/uploads\/2026\/04\/1776868080461-2-1024x1024.jpeg\" alt=\"\" class=\"wp-image-3353\" srcset=\"https:\/\/eaa-wsm.pl\/wp-content\/uploads\/2026\/04\/1776868080461-2-1024x1024.jpeg 1024w, https:\/\/eaa-wsm.pl\/wp-content\/uploads\/2026\/04\/1776868080461-2-300x300.jpeg 300w, https:\/\/eaa-wsm.pl\/wp-content\/uploads\/2026\/04\/1776868080461-2-150x150.jpeg 150w, https:\/\/eaa-wsm.pl\/wp-content\/uploads\/2026\/04\/1776868080461-2-768x768.jpeg 768w, https:\/\/eaa-wsm.pl\/wp-content\/uploads\/2026\/04\/1776868080461-2-600x600.jpeg 600w, https:\/\/eaa-wsm.pl\/wp-content\/uploads\/2026\/04\/1776868080461-2-250x250.jpeg 250w, https:\/\/eaa-wsm.pl\/wp-content\/uploads\/2026\/04\/1776868080461-2-174x174.jpeg 174w, https:\/\/eaa-wsm.pl\/wp-content\/uploads\/2026\/04\/1776868080461-2.jpeg 1200w\" sizes=\"(max-width: 1024px) 100vw, 1024px\" \/><\/figure>\n\n\n\n<p><strong>Rezultaty wypracowane w projekcie TRIREME <\/strong>(deliverables)<\/p>\n\n\n\n<p>Upowszechnianie rezultat\u00f3w i zapewnienie trwa\u0142o\u015bci<\/p>\n\n\n\n<p>Ci\u0105g\u0142e gromadzenie informacji o kompetencjach (Skills Intelligence)<\/p>\n\n\n\n<p>Opracowanie i aktualizacja sektorowej strategii kompetencji<\/p>\n\n\n\n<p>Aktualizacja i rozw\u00f3j program\u00f3w nauczania<\/p>\n\n\n\n<p>Wdra\u017canie na poziomie regionalnym<\/p>\n\n\n\n<p>Spo\u0142eczny wp\u0142yw transformacji w ekosystemie<\/p>\n\n\n\n<p>Dost\u0119pne tutaj -&gt; <a href=\"https:\/\/project-trireme.eu\/en\/listdeliverables\">https:\/\/project-trireme.eu\/en\/listdeliverables<\/a><\/p>\n\n\n\n<p><\/p>\n\n\n\n<p><strong>Karty Kompetencji (Skills Cards)<\/strong><\/p>\n\n\n\n<p>Karty Kompetencji przedstawiaj\u0105 nowe role zawodowe w sektorze motoryzacyjnym, okre\u015blaj\u0105c kluczowe kompetencje oraz ich powi\u0105zanie z EQF i ESCO.<\/p>\n\n\n\n<p>Pomagaj\u0105 firmom identyfikowa\u0107 potrzebne umiej\u0119tno\u015bci, wspieraj\u0105 procesy rekrutacji i szkole\u0144, pomagaj\u0105 edukatorom w aktualizacji program\u00f3w nauczania oraz wspieraj\u0105 decydent\u00f3w w dostosowywaniu system\u00f3w edukacji do potrzeb rynku pracy. Oferuj\u0105 r\u00f3wnie\u017c jasne wskaz\u00f3wki dotycz\u0105ce \u015bcie\u017cek kariery dla ucz\u0105cych si\u0119 i os\u00f3b poszukuj\u0105cych pracy.<\/p>\n\n\n\n<p>Zebrane informacje zostan\u0105 zintegrowane z macierz\u0105 kompetencji sektora w celu oceny umiej\u0119tno\u015bci pracownik\u00f3w oraz wspierania rozwoju talent\u00f3w.<\/p>\n\n\n\n<p>Poniewa\u017c s\u0105 to wersje robocze, zach\u0119ca si\u0119 do przekazywania opinii, aby je ulepszy\u0107 i lepiej odzwierciedli\u0107 potrzeby bran\u017cy.<\/p>\n\n\n\n<p>Dost\u0119pne tutaj -&gt; <a href=\"https:\/\/project-trireme.eu\/en\/skillscards\">https:\/\/project-trireme.eu\/en\/skillscards<\/a><\/p>\n\n\n<div class=\"wp-block-image\">\n<figure class=\"aligncenter size-full\"><img loading=\"lazy\" decoding=\"async\" width=\"510\" height=\"556\" src=\"https:\/\/eaa-wsm.pl\/wp-content\/uploads\/2026\/04\/obraz-1.png\" alt=\"\" class=\"wp-image-3331\" srcset=\"https:\/\/eaa-wsm.pl\/wp-content\/uploads\/2026\/04\/obraz-1.png 510w, https:\/\/eaa-wsm.pl\/wp-content\/uploads\/2026\/04\/obraz-1-275x300.png 275w\" sizes=\"(max-width: 510px) 100vw, 510px\" \/><\/figure><\/div>","protected":false},"excerpt":{"rendered":"<p>Projekt Erasmus+ TRIREME (Digital and green skills towards the future of the mobility ecosystem) ma na celu przekszta\u0142cenie ekosystemu mobilno\u015bci, transportu i motoryzacji, u\u0142atwiaj\u0105c jego przej\u015bcie w stron\u0119 bardziej ekologicznej i cyfrowej przysz\u0142o\u015bci. TRIREME skupia si\u0119 na czterech kluczowych trendach w bran\u017cy motoryzacyjnej:Cyfryzacja Ekologia, zr\u00f3wnowa\u017cony rozw\u00f3j i gospodarka o obiegu zamkni\u0119tym Odporno\u015b\u0107 \u0142a\u0144cuch\u00f3w warto\u015bci Nowe <a href=\"https:\/\/eaa-wsm.pl\/index.php\/trireme\/\" rel=\"nofollow\"><span class=\"sr-only\">Read more about TRIREME<\/span>[&hellip;]<\/a><\/p>\n","protected":false},"author":1,"featured_media":0,"parent":0,"menu_order":0,"comment_status":"closed","ping_status":"closed","template":"","meta":{"footnotes":""},"class_list":["post-1617","page","type-page","status-publish","hentry"],"_links":{"self":[{"href":"https:\/\/eaa-wsm.pl\/index.php\/wp-json\/wp\/v2\/pages\/1617","targetHints":{"allow":["GET"]}}],"collection":[{"href":"https:\/\/eaa-wsm.pl\/index.php\/wp-json\/wp\/v2\/pages"}],"about":[{"href":"https:\/\/eaa-wsm.pl\/index.php\/wp-json\/wp\/v2\/types\/page"}],"author":[{"embeddable":true,"href":"https:\/\/eaa-wsm.pl\/index.php\/wp-json\/wp\/v2\/users\/1"}],"replies":[{"embeddable":true,"href":"https:\/\/eaa-wsm.pl\/index.php\/wp-json\/wp\/v2\/comments?post=1617"}],"version-history":[{"count":18,"href":"https:\/\/eaa-wsm.pl\/index.php\/wp-json\/wp\/v2\/pages\/1617\/revisions"}],"predecessor-version":[{"id":3354,"href":"https:\/\/eaa-wsm.pl\/index.php\/wp-json\/wp\/v2\/pages\/1617\/revisions\/3354"}],"wp:attachment":[{"href":"https:\/\/eaa-wsm.pl\/index.php\/wp-json\/wp\/v2\/media?parent=1617"}],"curies":[{"name":"wp","href":"https:\/\/api.w.org\/{rel}","templated":true}]}}